[INFO] cloning repository https://github.com/alextanhongpin/rust-actix-web-microservice
[INFO] running `Command { std: "git" "-c" "credential.helper=" "-c" "credential.helper=/workspace/cargo-home/bin/git-credential-null" "clone" "--bare" "https://github.com/alextanhongpin/rust-actix-web-microservice" "/workspace/cache/git-repos/https%3A%2F%2Fgithub.com%2Falextanhongpin%2Frust-actix-web-microservice", kill_on_drop: false }`
[INFO] [stderr] Cloning into bare repository '/workspace/cache/git-repos/https%3A%2F%2Fgithub.com%2Falextanhongpin%2Frust-actix-web-microservice'...
[INFO] running `Command { std: "git" "rev-parse" "HEAD", kill_on_drop: false }`
[INFO] [stdout] 7ab0ad74e8b11f91be495b814a7f4b9ae8f2b9a3
[INFO] building alextanhongpin/rust-actix-web-microservice against master#ff34b919075f35a1787659e9c448a34b06bab8de for issue-85264
[INFO] running `Command { std: "git" "clone" "/workspace/cache/git-repos/https%3A%2F%2Fgithub.com%2Falextanhongpin%2Frust-actix-web-microservice" "/workspace/builds/worker-3/source", kill_on_drop: false }`
[INFO] [stderr] Cloning into '/workspace/builds/worker-3/source'...
[INFO] [stderr] done.
[INFO] validating manifest of git repo https://github.com/alextanhongpin/rust-actix-web-microservice on toolchain ff34b919075f35a1787659e9c448a34b06bab8de
[INFO] running `Command { std: "/workspace/cargo-home/bin/cargo" "+ff34b919075f35a1787659e9c448a34b06bab8de" "metadata" "--manifest-path" "Cargo.toml" "--no-deps", kill_on_drop: false }`
[INFO] started tweaking git repo https://github.com/alextanhongpin/rust-actix-web-microservice
[INFO] finished tweaking git repo https://github.com/alextanhongpin/rust-actix-web-microservice
[INFO] tweaked toml for git repo https://github.com/alextanhongpin/rust-actix-web-microservice written to /workspace/builds/worker-3/source/Cargo.toml
[INFO] crate git repo https://github.com/alextanhongpin/rust-actix-web-microservice already has a lockfile, it will not be regenerated
[INFO] running `Command { std: "/workspace/cargo-home/bin/cargo" "+ff34b919075f35a1787659e9c448a34b06bab8de" "fetch" "--manifest-path" "Cargo.toml", kill_on_drop: false }`
[INFO] [stderr]     Blocking waiting for file lock on package cache
[INFO] [stderr]     Blocking waiting for file lock on package cache
[INFO] running `Command { std: "docker" "create" "-v" "/var/lib/crater-agent-workspace/builds/worker-3/target:/opt/rustwide/target:rw,Z" "-v" "/var/lib/crater-agent-workspace/builds/worker-3/source:/opt/rustwide/workdir:ro,Z" "-v" "/var/lib/crater-agent-workspace/cargo-home:/opt/rustwide/cargo-home:ro,Z" "-v" "/var/lib/crater-agent-workspace/rustup-home:/opt/rustwide/rustup-home:ro,Z" "-e" "SOURCE_DIR=/opt/rustwide/workdir" "-e" "CARGO_TARGET_DIR=/opt/rustwide/target" "-e" "CARGO_HOME=/opt/rustwide/cargo-home" "-e" "RUSTUP_HOME=/opt/rustwide/rustup-home" "-w" "/opt/rustwide/workdir" "-m" "1610612736" "--user" "0:0" "--network" "none" "ghcr.io/rust-lang/crates-build-env/linux@sha256:20528e8c29e4536546f0102ce88568b16ea7538393a33fcca951030f7af10457" "/opt/rustwide/cargo-home/bin/cargo" "+ff34b919075f35a1787659e9c448a34b06bab8de" "metadata" "--no-deps" "--format-version=1", kill_on_drop: false }`
[INFO] [stderr] WARNING: Your kernel does not support swap limit capabilities or the cgroup is not mounted. Memory limited without swap.
[INFO] [stdout] 848641ca91a56e40f787e8097aac4c573b823fd21e0e6715f227d59efce87743
[INFO] running `Command { std: "docker" "start" "-a" "848641ca91a56e40f787e8097aac4c573b823fd21e0e6715f227d59efce87743", kill_on_drop: false }`
[INFO] running `Command { std: "docker" "inspect" "848641ca91a56e40f787e8097aac4c573b823fd21e0e6715f227d59efce87743", kill_on_drop: false }`
[INFO] running `Command { std: "docker" "rm" "-f" "848641ca91a56e40f787e8097aac4c573b823fd21e0e6715f227d59efce87743", kill_on_drop: false }`
[INFO] [stdout] 848641ca91a56e40f787e8097aac4c573b823fd21e0e6715f227d59efce87743
[INFO] running `Command { std: "docker" "create" "-v" "/var/lib/crater-agent-workspace/builds/worker-3/target:/opt/rustwide/target:rw,Z" "-v" "/var/lib/crater-agent-workspace/builds/worker-3/source:/opt/rustwide/workdir:ro,Z" "-v" "/var/lib/crater-agent-workspace/cargo-home:/opt/rustwide/cargo-home:ro,Z" "-v" "/var/lib/crater-agent-workspace/rustup-home:/opt/rustwide/rustup-home:ro,Z" "-e" "SOURCE_DIR=/opt/rustwide/workdir" "-e" "CARGO_TARGET_DIR=/opt/rustwide/target" "-e" "CARGO_INCREMENTAL=0" "-e" "RUST_BACKTRACE=full" "-e" "RUSTFLAGS=--cap-lints=forbid" "-e" "CARGO_HOME=/opt/rustwide/cargo-home" "-e" "RUSTUP_HOME=/opt/rustwide/rustup-home" "-w" "/opt/rustwide/workdir" "-m" "1610612736" "--user" "0:0" "--network" "none" "ghcr.io/rust-lang/crates-build-env/linux@sha256:20528e8c29e4536546f0102ce88568b16ea7538393a33fcca951030f7af10457" "/opt/rustwide/cargo-home/bin/cargo" "+ff34b919075f35a1787659e9c448a34b06bab8de" "build" "--frozen" "--message-format=json", kill_on_drop: false }`
[INFO] [stdout] ba4b9d8f4cf6f945d3d06109f4a32e9be5252d3229b42037a6f434b1a0698e4c
[INFO] [stderr] WARNING: Your kernel does not support swap limit capabilities or the cgroup is not mounted. Memory limited without swap.
[INFO] running `Command { std: "docker" "start" "-a" "ba4b9d8f4cf6f945d3d06109f4a32e9be5252d3229b42037a6f434b1a0698e4c", kill_on_drop: false }`
[INFO] [stderr]    Compiling libc v0.2.53
[INFO] [stderr]    Compiling cfg-if v0.1.7
[INFO] [stderr]    Compiling autocfg v0.1.2
[INFO] [stderr]    Compiling proc-macro2 v0.4.29
[INFO] [stderr]    Compiling byteorder v1.3.1
[INFO] [stderr]    Compiling rand_core v0.4.0
[INFO] [stderr]    Compiling unicode-xid v0.1.0
[INFO] [stderr]    Compiling syn v0.15.33
[INFO] [stderr]    Compiling lazy_static v1.3.0
[INFO] [stderr]    Compiling smallvec v0.6.9
[INFO] [stderr]    Compiling cc v1.0.36
[INFO] [stderr]    Compiling futures v0.1.26
[INFO] [stderr]    Compiling stable_deref_trait v1.1.1
[INFO] [stderr]    Compiling encoding_index_tests v0.1.4
[INFO] [stderr]    Compiling lazycell v1.2.1
[INFO] [stderr]    Compiling matches v0.1.8
[INFO] [stderr]    Compiling itoa v0.4.3
[INFO] [stderr]    Compiling num-traits v0.2.6
[INFO] [stderr]    Compiling memchr v2.2.0
[INFO] [stderr]    Compiling ryu v0.2.7
[INFO] [stderr]    Compiling serde v1.0.90
[INFO] [stderr]    Compiling num-integer v0.1.39
[INFO] [stderr]    Compiling regex v1.1.6
[INFO] [stderr]    Compiling ucd-util v0.1.3
[INFO] [stderr]    Compiling bitflags v1.0.4
[INFO] [stderr]    Compiling utf8-ranges v1.0.2
[INFO] [stderr]    Compiling failure_derive v0.1.5
[INFO] [stderr]    Compiling rustc-demangle v0.1.14
[INFO] [stderr]    Compiling byte-tools v0.3.1
[INFO] [stderr]    Compiling num-bigint v0.2.2
[INFO] [stderr]    Compiling quick-error v1.2.2
[INFO] [stderr]    Compiling fake-simd v0.1.2
[INFO] [stderr]    Compiling opaque-debug v0.2.2
[INFO] [stderr]    Compiling uuid v0.7.4
[INFO] [stderr]    Compiling httparse v1.3.3
[INFO] [stderr]    Compiling bit-vec v0.5.1
[INFO] [stderr]    Compiling arc-swap v0.3.11
[INFO] [stderr]    Compiling static_assertions v0.2.5
[INFO] [stderr]    Compiling untrusted v0.6.2
[INFO] [stderr]    Compiling indexmap v1.0.2
[INFO] [stderr]    Compiling spin v0.5.0
[INFO] [stderr]    Compiling either v1.5.2
[INFO] [stderr]    Compiling pkg-config v0.3.14
[INFO] [stderr]    Compiling string v0.1.3
[INFO] [stderr]    Compiling dtoa v0.4.3
[INFO] [stderr]    Compiling nix v0.12.0
[INFO] [stderr]    Compiling hashbrown v0.2.2
[INFO] [stderr]    Compiling nix v0.13.0
[INFO] [stderr]    Compiling copyless v0.1.2
[INFO] [stderr]    Compiling bufstream v0.1.4
[INFO] [stderr]    Compiling mysql v15.1.2
[INFO] [stderr]    Compiling mysql v16.0.2
[INFO] [stderr]    Compiling unreachable v1.0.0
[INFO] [stderr]    Compiling lru-cache v0.1.2
[INFO] [stderr]    Compiling unicase v2.3.0
[INFO] [stderr]    Compiling owning_ref v0.4.0
[INFO] [stderr]    Compiling log v0.4.6
[INFO] [stderr]    Compiling unicode-bidi v0.3.4
[INFO] [stderr]    Compiling block-padding v0.1.4
[INFO] [stderr]    Compiling encoding-index-tradchinese v1.20141219.5
[INFO] [stderr]    Compiling encoding-index-singlebyte v1.20141219.5
[INFO] [stderr]    Compiling encoding-index-simpchinese v1.20141219.5
[INFO] [stderr]    Compiling encoding-index-korean v1.20141219.5
[INFO] [stderr]    Compiling encoding-index-japanese v1.20141219.5
[INFO] [stderr]    Compiling crossbeam-utils v0.6.5
[INFO] [stderr]    Compiling thread_local v0.3.6
[INFO] [stderr]    Compiling regex-syntax v0.6.6
[INFO] [stderr]    Compiling rand_core v0.3.1
[INFO] [stderr]    Compiling rand_jitter v0.1.3
[INFO] [stderr]    Compiling unicode-normalization v0.1.8
[INFO] [stderr]    Compiling scheduled-thread-pool v0.2.0
[INFO] [stderr]    Compiling crc32fast v1.2.0
[INFO] [stderr]    Compiling stackvector v1.0.2
[INFO] [stderr]    Compiling rand_xorshift v0.1.1
[INFO] [stderr]    Compiling rand_hc v0.1.0
[INFO] [stderr]    Compiling rand_isaac v0.1.1
[INFO] [stderr]    Compiling parking_lot_core v0.4.0
[INFO] [stderr]    Compiling lock_api v0.1.5
[INFO] [stderr]    Compiling rand_pcg v0.1.2
[INFO] [stderr]    Compiling rand_chacha v0.1.1
[INFO] [stderr]    Compiling rand v0.6.5
[INFO] [stderr]    Compiling backtrace v0.3.15
[INFO] [stderr]    Compiling tokio-sync v0.1.5
[INFO] [stderr]    Compiling actix-service v0.3.6
[INFO] [stderr]    Compiling digest v0.8.0
[INFO] [stderr]    Compiling tokio-executor v0.1.7
[INFO] [stderr]    Compiling crossbeam-channel v0.3.8
[INFO] [stderr]    Compiling encoding v0.2.33
[INFO] [stderr]    Compiling lexical-core v0.4.0
[INFO] [stderr]    Compiling tokio-timer v0.2.10
[INFO] [stderr]    Compiling tokio-current-thread v0.1.6
[INFO] [stderr]    Compiling mime v0.3.13
[INFO] [stderr]    Compiling mysqlclient-sys v0.2.4
[INFO] [stderr]    Compiling base64 v0.10.1
[INFO] [stderr]    Compiling block-buffer v0.7.3
[INFO] [stderr]    Compiling aho-corasick v0.7.3
[INFO] [stderr]    Compiling sha2 v0.8.0
[INFO] [stderr]    Compiling backtrace-sys v0.1.28
[INFO] [stderr]    Compiling miniz-sys v0.1.11
[INFO] [stderr]    Compiling brotli-sys v0.3.2
[INFO] [stderr]    Compiling ring v0.14.6
[INFO] [stderr]    Compiling iovec v0.1.2
[INFO] [stderr]    Compiling rand_os v0.1.3
[INFO] [stderr]    Compiling net2 v0.2.33
[INFO] [stderr]    Compiling num_cpus v1.10.0
[INFO] [stderr]    Compiling time v0.1.42
[INFO] [stderr]    Compiling socket2 v0.3.8
[INFO] [stderr]    Compiling hostname v0.1.5
[INFO] [stderr]    Compiling signal-hook-registry v1.0.1
[INFO] [stderr]    Compiling quote v0.6.12
[INFO] [stderr]    Compiling bytes v0.4.12
[INFO] [stderr]    Compiling resolv-conf v0.6.2
[INFO] [stderr]    Compiling threadpool v1.7.1
[INFO] [stderr]    Compiling signal-hook v0.1.9
[INFO] [stderr]    Compiling mio v0.6.16
[INFO] [stderr]    Compiling atoi v0.3.1
[INFO] [stderr]    Compiling flate2 v1.0.7
[INFO] [stderr]    Compiling tokio-io v0.1.12
[INFO] [stdout] error[E0308]: mismatched types
[INFO] [stdout]    --> /opt/rustwide/cargo-home/registry/src/github.com-1ecc6299db9ec823/lexical-core-0.4.0/src/atof/algorithm/bigcomp.rs:246:55
[INFO] [stdout]     |
[INFO] [stdout] 246 |     let nlz = den.leading_zeros().wrapping_sub(wlz) & (u32::BITS - 1);
[INFO] [stdout]     |                                                       ^^^^^^^^^^^^^^^ expected `usize`, found `u32`
[INFO] [stdout] 
[INFO] [stdout] 
[INFO] [stderr]    Compiling http v0.1.17
[INFO] [stderr]    Compiling string v0.2.0
[INFO] [stdout] error[E0277]: no implementation for `usize & u32`
[INFO] [stdout]    --> /opt/rustwide/cargo-home/registry/src/github.com-1ecc6299db9ec823/lexical-core-0.4.0/src/atof/algorithm/bigcomp.rs:246:53
[INFO] [stdout]     |
[INFO] [stdout] 246 |     let nlz = den.leading_zeros().wrapping_sub(wlz) & (u32::BITS - 1);
[INFO] [stdout]     |                                                     ^ no implementation for `usize & u32`
[INFO] [stdout]     |
[INFO] [stdout]     = help: the trait `BitAnd<u32>` is not implemented for `usize`
[INFO] [stdout] 
[INFO] [stdout] 
[INFO] [stdout] error[E0308]: mismatched types
[INFO] [stdout]    --> /opt/rustwide/cargo-home/registry/src/github.com-1ecc6299db9ec823/lexical-core-0.4.0/src/atof/algorithm/bigcomp.rs:264:40
[INFO] [stdout]     |
[INFO] [stdout] 264 |         let (q, r) = shift.ceil_divmod(Limb::BITS);
[INFO] [stdout]     |                                        ^^^^^^^^^^ expected `usize`, found `u32`
[INFO] [stdout]     |
[INFO] [stdout] help: you can convert a `u32` to a `usize` and panic if the converted value doesn't fit
[INFO] [stdout]     |
[INFO] [stdout] 264 |         let (q, r) = shift.ceil_divmod(Limb::BITS.try_into().unwrap());
[INFO] [stdout]     |                                        ^^^^^^^^^^^^^^^^^^^^^^^^^^^^^^
[INFO] [stdout] 
[INFO] [stdout] 
[INFO] [stdout] error[E0308]: mismatched types
[INFO] [stdout]   --> /opt/rustwide/cargo-home/registry/src/github.com-1ecc6299db9ec823/lexical-core-0.4.0/src/atof/algorithm/bigint.rs:94:24
[INFO] [stdout]    |
[INFO] [stdout] 94 |     let bytes = bits / Limb::BITS;
[INFO] [stdout]    |                        ^^^^^^^^^^ expected `usize`, found `u32`
[INFO] [stdout] 
[INFO] [stdout] 
[INFO] [stdout] error[E0277]: cannot divide `usize` by `u32`
[INFO] [stdout]   --> /opt/rustwide/cargo-home/registry/src/github.com-1ecc6299db9ec823/lexical-core-0.4.0/src/atof/algorithm/bigint.rs:94:22
[INFO] [stdout]    |
[INFO] [stdout] 94 |     let bytes = bits / Limb::BITS;
[INFO] [stdout]    |                      ^ no implementation for `usize / u32`
[INFO] [stdout]    |
[INFO] [stdout]    = help: the trait `Div<u32>` is not implemented for `usize`
[INFO] [stdout] 
[INFO] [stdout] 
[INFO] [stderr]    Compiling chrono v0.4.6
[INFO] [stderr]    Compiling idna v0.1.5
[INFO] [stdout] error[E0308]: mismatched types
[INFO] [stdout]     --> /opt/rustwide/cargo-home/registry/src/github.com-1ecc6299db9ec823/lexical-core-0.4.0/src/atof/algorithm/math.rs:1064:42
[INFO] [stdout]      |
[INFO] [stdout] 1064 |     let mut count = index.saturating_mul(Limb::BITS);
[INFO] [stdout]      |                                          ^^^^^^^^^^ expected `usize`, found `u32`
[INFO] [stdout]      |
[INFO] [stdout] help: you can convert a `u32` to a `usize` and panic if the converted value doesn't fit
[INFO] [stdout]      |
[INFO] [stdout] 1064 |     let mut count = index.saturating_mul(Limb::BITS.try_into().unwrap());
[INFO] [stdout]      |                                          ^^^^^^^^^^^^^^^^^^^^^^^^^^^^^^
[INFO] [stdout] 
[INFO] [stdout] 
[INFO] [stdout] error[E0308]: mismatched types
[INFO] [stdout]     --> /opt/rustwide/cargo-home/registry/src/github.com-1ecc6299db9ec823/lexical-core-0.4.0/src/atof/algorithm/math.rs:1079:28
[INFO] [stdout]      |
[INFO] [stdout] 1079 |     Limb::BITS.checked_mul(x.len())
[INFO] [stdout]      |                            ^^^^^^^ expected `u32`, found `usize`
[INFO] [stdout]      |
[INFO] [stdout] help: you can convert a `usize` to a `u32` and panic if the converted value doesn't fit
[INFO] [stdout]      |
[INFO] [stdout] 1079 |     Limb::BITS.checked_mul(x.len().try_into().unwrap())
[INFO] [stdout]      |                            ^^^^^^^^^^^^^^^^^^^^^^^^^^^
[INFO] [stdout] 
[INFO] [stdout] 
[INFO] [stdout] error[E0308]: mismatched types
[INFO] [stdout]     --> /opt/rustwide/cargo-home/registry/src/github.com-1ecc6299db9ec823/lexical-core-0.4.0/src/atof/algorithm/math.rs:1080:22
[INFO] [stdout]      |
[INFO] [stdout] 1080 |         .map(|v| v - nlz)
[INFO] [stdout]      |                      ^^^ expected `u32`, found `usize`
[INFO] [stdout] 
[INFO] [stdout] 
[INFO] [stdout] error[E0277]: cannot subtract `usize` from `u32`
[INFO] [stdout]     --> /opt/rustwide/cargo-home/registry/src/github.com-1ecc6299db9ec823/lexical-core-0.4.0/src/atof/algorithm/math.rs:1080:20
[INFO] [stdout]      |
[INFO] [stdout] 1080 |         .map(|v| v - nlz)
[INFO] [stdout]      |                    ^ no implementation for `u32 - usize`
[INFO] [stdout]      |
[INFO] [stdout]      = help: the trait `Sub<usize>` is not implemented for `u32`
[INFO] [stdout] 
[INFO] [stdout] 
[INFO] [stdout] error[E0308]: mismatched types
[INFO] [stdout]     --> /opt/rustwide/cargo-home/registry/src/github.com-1ecc6299db9ec823/lexical-core-0.4.0/src/atof/algorithm/math.rs:1081:20
[INFO] [stdout]      |
[INFO] [stdout] 1081 |         .unwrap_or(usize::max_value())
[INFO] [stdout]      |                    ^^^^^^^^^^^^^^^^^^ expected `u32`, found `usize`
[INFO] [stdout]      |
[INFO] [stdout] help: you can convert a `usize` to a `u32` and panic if the converted value doesn't fit
[INFO] [stdout]      |
[INFO] [stdout] 1081 |         .unwrap_or(usize::max_value().try_into().unwrap())
[INFO] [stdout]      |                    ^^^^^^^^^^^^^^^^^^^^^^^^^^^^^^^^^^^^^^
[INFO] [stdout] 
[INFO] [stdout] 
[INFO] [stdout] error[E0308]: mismatched types
[INFO] [stdout]     --> /opt/rustwide/cargo-home/registry/src/github.com-1ecc6299db9ec823/lexical-core-0.4.0/src/atof/algorithm/math.rs:1079:5
[INFO] [stdout]      |
[INFO] [stdout] 1075 |   pub fn bit_length(x: &[Limb]) -> usize {
[INFO] [stdout]      |                                    ----- expected `usize` because of return type
[INFO] [stdout] ...
[INFO] [stdout] 1079 | /     Limb::BITS.checked_mul(x.len())
[INFO] [stdout] 1080 | |         .map(|v| v - nlz)
[INFO] [stdout] 1081 | |         .unwrap_or(usize::max_value())
[INFO] [stdout]      | |______________________________________^ expected `usize`, found `u32`
[INFO] [stdout]      |
[INFO] [stdout] help: you can convert a `u32` to a `usize` and panic if the converted value doesn't fit
[INFO] [stdout]      |
[INFO] [stdout] 1079 |     Limb::BITS.checked_mul(x.len())
[INFO] [stdout] 1080 |         .map(|v| v - nlz)
[INFO] [stdout] 1081 |         .unwrap_or(usize::max_value()).try_into().unwrap()
[INFO] [stdout]      |
[INFO] [stdout] 
[INFO] [stdout] 
[INFO] [stdout] error[E0308]: mismatched types
[INFO] [stdout]     --> /opt/rustwide/cargo-home/registry/src/github.com-1ecc6299db9ec823/lexical-core-0.4.0/src/atof/algorithm/math.rs:1106:23
[INFO] [stdout]      |
[INFO] [stdout] 1106 |     debug_assert!(n < bits && n != 0);
[INFO] [stdout]      |                       ^^^^ expected `usize`, found `u32`
[INFO] [stdout]      |
[INFO] [stdout] help: you can convert a `u32` to a `usize` and panic if the converted value doesn't fit
[INFO] [stdout]      |
[INFO] [stdout] 1106 |     debug_assert!(n < bits.try_into().unwrap() && n != 0);
[INFO] [stdout]      |                       ^^^^^^^^^^^^^^^^^^^^^^^^
[INFO] [stdout] 
[INFO] [stdout] 
[INFO] [stdout] error[E0308]: mismatched types
[INFO] [stdout]     --> /opt/rustwide/cargo-home/registry/src/github.com-1ecc6299db9ec823/lexical-core-0.4.0/src/atof/algorithm/math.rs:1113:25
[INFO] [stdout]      |
[INFO] [stdout] 1113 |     let lshift = bits - n;
[INFO] [stdout]      |                         ^ expected `u32`, found `usize`
[INFO] [stdout] 
[INFO] [stdout] 
[INFO] [stdout] error[E0277]: cannot subtract `usize` from `u32`
[INFO] [stdout]     --> /opt/rustwide/cargo-home/registry/src/github.com-1ecc6299db9ec823/lexical-core-0.4.0/src/atof/algorithm/math.rs:1113:23
[INFO] [stdout]      |
[INFO] [stdout] 1113 |     let lshift = bits - n;
[INFO] [stdout]      |                       ^ no implementation for `u32 - usize`
[INFO] [stdout]      |
[INFO] [stdout]      = help: the trait `Sub<usize>` is not implemented for `u32`
[INFO] [stdout] 
[INFO] [stdout] 
[INFO] [stdout] error[E0308]: mismatched types
[INFO] [stdout]     --> /opt/rustwide/cargo-home/registry/src/github.com-1ecc6299db9ec823/lexical-core-0.4.0/src/atof/algorithm/math.rs:1154:19
[INFO] [stdout]      |
[INFO] [stdout] 1154 |     let rem = n % bits;
[INFO] [stdout]      |                   ^^^^ expected `usize`, found `u32`
[INFO] [stdout] 
[INFO] [stdout] 
[INFO] [stdout] error[E0277]: cannot mod `usize` by `u32`
[INFO] [stdout]     --> /opt/rustwide/cargo-home/registry/src/github.com-1ecc6299db9ec823/lexical-core-0.4.0/src/atof/algorithm/math.rs:1154:17
[INFO] [stdout]      |
[INFO] [stdout] 1154 |     let rem = n % bits;
[INFO] [stdout]      |                 ^ no implementation for `usize % u32`
[INFO] [stdout]      |
[INFO] [stdout]      = help: the trait `Rem<u32>` is not implemented for `usize`
[INFO] [stdout] 
[INFO] [stdout] 
[INFO] [stdout] error[E0308]: mismatched types
[INFO] [stdout]     --> /opt/rustwide/cargo-home/registry/src/github.com-1ecc6299db9ec823/lexical-core-0.4.0/src/atof/algorithm/math.rs:1155:19
[INFO] [stdout]      |
[INFO] [stdout] 1155 |     let div = n / bits;
[INFO] [stdout]      |                   ^^^^ expected `usize`, found `u32`
[INFO] [stdout] 
[INFO] [stdout] 
[INFO] [stdout] error[E0277]: cannot divide `usize` by `u32`
[INFO] [stdout]     --> /opt/rustwide/cargo-home/registry/src/github.com-1ecc6299db9ec823/lexical-core-0.4.0/src/atof/algorithm/math.rs:1155:17
[INFO] [stdout]      |
[INFO] [stdout] 1155 |     let div = n / bits;
[INFO] [stdout]      |                 ^ no implementation for `usize / u32`
[INFO] [stdout]      |
[INFO] [stdout]      = help: the trait `Div<u32>` is not implemented for `usize`
[INFO] [stdout] 
[INFO] [stdout] 
[INFO] [stdout] error[E0308]: mismatched types
[INFO] [stdout]     --> /opt/rustwide/cargo-home/registry/src/github.com-1ecc6299db9ec823/lexical-core-0.4.0/src/atof/algorithm/math.rs:1211:23
[INFO] [stdout]      |
[INFO] [stdout] 1211 |     debug_assert!(n < bits);
[INFO] [stdout]      |                       ^^^^ expected `usize`, found `u32`
[INFO] [stdout]      |
[INFO] [stdout] help: you can convert a `u32` to a `usize` and panic if the converted value doesn't fit
[INFO] [stdout]      |
[INFO] [stdout] 1211 |     debug_assert!(n < bits.try_into().unwrap());
[INFO] [stdout]      |                       ^^^^^^^^^^^^^^^^^^^^^^^^
[INFO] [stdout] 
[INFO] [stdout] 
[INFO] [stdout] error[E0308]: mismatched types
[INFO] [stdout]     --> /opt/rustwide/cargo-home/registry/src/github.com-1ecc6299db9ec823/lexical-core-0.4.0/src/atof/algorithm/math.rs:1221:25
[INFO] [stdout]      |
[INFO] [stdout] 1221 |     let rshift = bits - n;
[INFO] [stdout]      |                         ^ expected `u32`, found `usize`
[INFO] [stdout] 
[INFO] [stdout] 
[INFO] [stdout] error[E0277]: cannot subtract `usize` from `u32`
[INFO] [stdout]     --> /opt/rustwide/cargo-home/registry/src/github.com-1ecc6299db9ec823/lexical-core-0.4.0/src/atof/algorithm/math.rs:1221:23
[INFO] [stdout]      |
[INFO] [stdout] 1221 |     let rshift = bits - n;
[INFO] [stdout]      |                       ^ no implementation for `u32 - usize`
[INFO] [stdout]      |
[INFO] [stdout]      = help: the trait `Sub<usize>` is not implemented for `u32`
[INFO] [stdout] 
[INFO] [stdout] 
[INFO] [stdout] error[E0308]: mismatched types
[INFO] [stdout]     --> /opt/rustwide/cargo-home/registry/src/github.com-1ecc6299db9ec823/lexical-core-0.4.0/src/atof/algorithm/math.rs:1273:19
[INFO] [stdout]      |
[INFO] [stdout] 1273 |     let rem = n % bits;
[INFO] [stdout]      |                   ^^^^ expected `usize`, found `u32`
[INFO] [stdout] 
[INFO] [stdout] 
[INFO] [stdout] error[E0277]: cannot mod `usize` by `u32`
[INFO] [stdout]     --> /opt/rustwide/cargo-home/registry/src/github.com-1ecc6299db9ec823/lexical-core-0.4.0/src/atof/algorithm/math.rs:1273:17
[INFO] [stdout]      |
[INFO] [stdout] 1273 |     let rem = n % bits;
[INFO] [stdout]      |                 ^ no implementation for `usize % u32`
[INFO] [stdout]      |
[INFO] [stdout]      = help: the trait `Rem<u32>` is not implemented for `usize`
[INFO] [stdout] 
[INFO] [stdout] 
[INFO] [stdout] error[E0308]: mismatched types
[INFO] [stdout]     --> /opt/rustwide/cargo-home/registry/src/github.com-1ecc6299db9ec823/lexical-core-0.4.0/src/atof/algorithm/math.rs:1274:19
[INFO] [stdout]      |
[INFO] [stdout] 1274 |     let div = n / bits;
[INFO] [stdout]      |                   ^^^^ expected `usize`, found `u32`
[INFO] [stdout] 
[INFO] [stdout] 
[INFO] [stdout] error[E0277]: cannot divide `usize` by `u32`
[INFO] [stdout]     --> /opt/rustwide/cargo-home/registry/src/github.com-1ecc6299db9ec823/lexical-core-0.4.0/src/atof/algorithm/math.rs:1274:17
[INFO] [stdout]      |
[INFO] [stdout] 1274 |     let div = n / bits;
[INFO] [stdout]      |                 ^ no implementation for `usize / u32`
[INFO] [stdout]      |
[INFO] [stdout]      = help: the trait `Div<u32>` is not implemented for `usize`
[INFO] [stdout] 
[INFO] [stdout] 
[INFO] [stdout] error[E0308]: mismatched types
[INFO] [stdout]     --> /opt/rustwide/cargo-home/registry/src/github.com-1ecc6299db9ec823/lexical-core-0.4.0/src/atof/algorithm/math.rs:2085:27
[INFO] [stdout]      |
[INFO] [stdout] 2085 |     let rs = Limb::BITS - s;
[INFO] [stdout]      |                           ^ expected `u32`, found `usize`
[INFO] [stdout] 
[INFO] [stdout] 
[INFO] [stdout] error[E0277]: cannot subtract `usize` from `u32`
[INFO] [stdout]     --> /opt/rustwide/cargo-home/registry/src/github.com-1ecc6299db9ec823/lexical-core-0.4.0/src/atof/algorithm/math.rs:2085:25
[INFO] [stdout]      |
[INFO] [stdout] 2085 |     let rs = Limb::BITS - s;
[INFO] [stdout]      |                         ^ no implementation for `u32 - usize`
[INFO] [stdout]      |
[INFO] [stdout]      = help: the trait `Sub<usize>` is not implemented for `u32`
[INFO] [stdout] 
[INFO] [stdout] 
[INFO] [stdout] error: aborting due to 27 previous errors
[INFO] [stdout] 
[INFO] [stdout] 
[INFO] [stdout] Some errors have detailed explanations: E0277, E0308.
[INFO] [stdout] 
[INFO] [stdout] For more information about an error, try `rustc --explain E0277`.
[INFO] [stdout] 
[INFO] [stderr] error: could not compile `lexical-core`
[INFO] [stderr] 
[INFO] [stderr] To learn more, run the command again with --verbose.
[INFO] [stderr] warning: build failed, waiting for other jobs to finish...
[INFO] [stderr] error: build failed
[INFO] running `Command { std: "docker" "inspect" "ba4b9d8f4cf6f945d3d06109f4a32e9be5252d3229b42037a6f434b1a0698e4c", kill_on_drop: false }`
[INFO] running `Command { std: "docker" "rm" "-f" "ba4b9d8f4cf6f945d3d06109f4a32e9be5252d3229b42037a6f434b1a0698e4c", kill_on_drop: false }`
[INFO] [stdout] ba4b9d8f4cf6f945d3d06109f4a32e9be5252d3229b42037a6f434b1a0698e4c
